is divided by 160.
142
What is the remainder when 149415 is divided by 74706?
3
What is the remainder when 13018 is divided by 2146?
142
Calculate the remainder when 897164 is divided by 293.
291
What is the remainder when 930366 is divided by 64?
62
Calculate the remainder when 159789 is divided by 24.
21
What is the remainder when 68063 is divided by 1309?
1304
Calculate the remainder when 11623 is divided by 644.
31
What is the remainder when 33923 is divided by 22?
21
Calculate the remainder when 241600 is divided by 82.
28
Calculate the remainder when 2759 is divided by 110.
9
What is the remainder when 269020 is divided by 85?
80
What is the remainder when 783 is divided by 358?
67
What is the remainder when 23129 is divided by 205?
169
Calculate the remainder when 28451 is divided by 2393.
2128
Calculate the remainder when 123258 is divided by 26.
18
Calculate the remainder when 825 is divided by 277.
271
Calculate the remainder when 7078 is divided by 7064.
14
What is the remainder when 21434 is divided by 204?
14
Calculate the remainder when 23525 is divided by 1567.
20
Calculate the remainder when 5215 is divided by 524.
499
Calculate the remainder when 31539 is divided by 509.
490
Calculate the remainder when 605037 is divided by 23.
22
What is the remainder when 1162650 is divided by 198?
192
Calculate the remainder when 82484 is divided by 122.
12
What is the remainder when 36203 is divided by 43?
40
Calculate the remainder when 260189 is divided by 85.
4
What is the remainder when 1230 is divided by 215?
155
What is the remainder when 217 is divided by 53?
5
What is the remainder when 74178 is divided by 19?
2
Calculate the remainder when 3993 is divided by 551.
136
What is the remainder when 2619 is divided by 43?
39
Calculate the remainder when 1686 is divided by 325.
61
Calculate the remainder when 4521 is divided by 1506.
3
Calculate the remainder when 69380 is divided by 226.
224
Calculate the remainder when 105401 is divided by 35130.
11
Calculate the remainder when 8626 is divided by 1231.
9
What is the remainder when 8946 is divided by 271?
3
What is the remainder when 513198 is divided by 127?
118
What is the remainder when 61496 is divided by 20498?
2
What is the remainder when 8727 is divided by 85?
57
Calculate the remainder when 148729 is divided by 9914.
19
Calculate the remainder when 124421 is divided by 695.
16
What is the remainder when 651925 is divided by 17?
9
Calculate the remainder when 20912 is divided by 252.
248
Calculate the remainder when 94477 is divided by 298.
11
Calculate the remainder when 21256 is divided by 31.
21
Calculate the remainder when 447882 is divided by 217.
211
Calculate the remainder when 265569 is divided by 17.
12
What is the remainder when 22796 is divided by 735?
11
Calculate the remainder when 122709 is divided by 122706.
3
What is the remainder when 35151 is divided by 5021?
4
What is the remainder when 133604 is divided by 36?
8
What is the remainder when 333167 is divided by 12?
11
Calculate the remainder when 19797 is divided by 150.
147
Calculate the remainder when 35457 is divided by 863.
74
What is the remainder when 58103 is divided by 1529?
1
What is the remainder when 1772 is divided by 430?
52
What is the remainder when 647848 is divided by 30?
28
What is the remainder when 1225 is divided by 462?
301
Calculate the remainder when 2476 is divided by 753.
217
Calculate the remainder when 22918 is divided by 7253.
1159
Calculate the remainder when 1234124 is divided by 38.
36
Calculate the remainder when 9840 is divided by 896.
880
What is the remainder when 3543222 is divided by 15?
12
Calculate the remainder when 795 is divided by 14.
11
What is the remainder when 155929 is divided by 1006?
1005
Calculate the remainder when 907 is divided by 424.
59
Calculate the remainder when 13366 is divided by 4436.
58
What is the remainder when 4385 is divided by 112?
17
Calculate the remainder when 721293 is divided by 14.
13
What is the remainder when 483159 is divided by 11?
6
What is the remainder when 65945 is divided by 36?
29
What is the remainder when 5402 is divided by 1742?
176
What is the remainder when 20647 is divided by 38?
13
Calculate the remainder when 24879 is divided by 6058.
647
Calculate the remainder when 102491 is divided by 51184.
123
What is the remainder when 13127 is divided by 215?
12
What is the remainder when 2700 is divided by 323?
116
Calculate the remainder when 34649 is divided by 284.
1
Calculate the remainder when 75574 is divided by 66.
4
Calculate the remainder when 107232 is divided by 66.
48
What is the remainder when 16984 is divided by 15?
4
What is the remainder when 346050 is divided by 119?
117
What is the remainder when 24921 is divided by 6203?
109
What is the remainder when 40667 is divided by 54?
5
What is the remainder when 962 is divided by 23?
19
What is the remainder when 53747 is divided by 1075?
1072
Calculate the remainder when 1516501 is divided by 442.
441
Calculate the remainder when 9731 is divided by 4367.
997
What is the remainder when 1361523 is divided by 34?
27
What is the remainder when 25824 is divided by 25598?
226
What is the remainder when 1787 is divided by 28?
23
What is the remainder when 129081 is divided by 32267?
13
What is the remainder when 1177 is divided by 416?
345
Calculate the remainder when 2171 is divided by 441.
407
What is the remainder when 1820 is divided by 17?
1
Calculate the remainder when 15609 is divided by 202.
55
Calculate the remainder when 10821 is divided by 267.
141
What is the remainder when 1154415 is divided by 293?
288
Calculate the remainder when 6706 is divided by 1070.
286
Calculate the remainder when 107085 is divided by 46.
43
Calculate the remainder when 70702 is divided by 49.
44
What is the remainder when 4732 is divided by 4729?
3
What is the remainder when 3725 is divided by 304?
77
What is the remainder when 6211 is divided by 19?
17
What is the remainder when 146902 is divided by 5439?
49
Calculate the remainder when 1468941 is divided by 9.
6
What is the remainder when 537566 is divided by 99?
95
Calculate the remainder when 12527 is divided by 443.
123
What is the remainder when 33894 is divided by 25?
19
Calculate the remainder when 57506 is divided by 135.
131
What is the remainder when 5954 is divided by 849?
11
Calculate the remainder when 43239 is divided by 115.
114
What is the remainder when 10496 is divided by 143?
57
What is the remainder when 12403 is divided by 58?
49
Calculate the remainder when 9993 is divided by 3324.
21
What is the remainder when 4017 is divided by 1624?
769
Calculate the remainder when 6193 is divided by 343.
19
What is the remainder when 53272 is divided by 37?
29
Calculate the remainder when 32315 is divided by 497.
10
What is the remainder when 3688 is divided by 67?
3
Calculate the remainder when 34796 is divided by 645.
611
What is the remainder when 2598 is divided by 4?
2
Calculate the remainder when 18802 is divided by 1442.
56
What is the remainder when 40049 is divided by 3?
2
Calculate the remainder when 88470 is divided by 21.
18
What is the remainder when 409 is divided by 69?
64
Calculate the remainder when 730712 is divided by 60892.
8
What is the remainder when 235 is divided by 121?
114
What is the remainder when 275078 is divided by 525?
503
What is the remainder when 956153 is divided by 37?
36
Calculate the remainder when 56318 is divided by 295.
268
What is the remainder when 2073 is divided by 61?
60
What is the remainder when 25338 is divided by 35?
33
What is the remainder when 8101 is divided by 1571?
246
What is the remainder when 7421 is divided by 135?
131
What is the remainder when 12923 is divided by 1432?
35
What is the remainder when 30296 is divided by 41?
38
Calculate the remainder when 26743 is divided by 128.
119
What is the remainder when 6728 is divided by 253?
150
What is the remainder when 11920 is divided by 68?
20
What is the remainder when 7472 is divided by 7450?
22
What is the remainder when 87215 is divided by 29067?
14
Calculate the remainder when 3907 is divided by 561.
541
What is the remainder when 133864 is divided by 9?
7
Calculate the remainder when 7074 is divided by 1176.
1